{"id":2,"date":"2012-07-17T01:03:37","date_gmt":"2012-07-17T01:03:37","guid":{"rendered":"http:\/\/fronteravertical.cl\/?page_id=2"},"modified":"2012-08-23T05:01:04","modified_gmt":"2012-08-23T05:01:04","slug":"sample-page","status":"publish","type":"page","link":"https:\/\/www.fronteravertical.cl\/?page_id=2","title":{"rendered":"Quienes Somos"},"content":{"rendered":"<h5>Misi\u00f3n<\/h5>\n<p><span style=\"text-align: justify;\">El Club de Monta\u00f1a Frontera Vertical es una organizaci\u00f3n sin fines de lucro que tiene como objetivo la difusi\u00f3n del deporte de monta\u00f1a y la transmisi\u00f3n de la riqueza cultural y val\u00f3rica que de aquellas experiencias es posible extraer para una \u00edntegra y s\u00f3lida formaci\u00f3n de la persona humana.<\/span><\/p>\n<p>&nbsp;<\/p>\n","protected":false},"excerpt":{"rendered":"<p>Misi\u00f3n El Club de Monta\u00f1a Frontera Vertical es una organizaci\u00f3n sin fines de lucro que tiene como objetivo la difusi\u00f3n del deporte de monta\u00f1a y la transmisi\u00f3n de la riqueza cultural y val\u00f3rica que de aquellas experiencias es posible extraer para una \u00edntegra y s\u00f3lida formaci\u00f3n de la persona humana. &nbsp;<\/p>\n","protected":false},"author":1,"featured_media":0,"parent":0,"menu_order":1,"comment_status":"open","ping_status":"closed","template":"","meta":{"spay_email":"","footnotes":""},"jetpack_sharing_enabled":true,"jetpack_shortlink":"https:\/\/wp.me\/P2IOTC-2","_links":{"self":[{"href":"https:\/\/www.fronteravertical.cl\/index.php?rest_route=\/wp\/v2\/pages\/2"}],"collection":[{"href":"https:\/\/www.fronteravertical.cl\/index.php?rest_route=\/wp\/v2\/pages"}],"about":[{"href":"https:\/\/www.fronteravertical.cl\/index.php?rest_route=\/wp\/v2\/types\/page"}],"author":[{"embeddable":true,"href":"https:\/\/www.fronteravertical.cl\/index.php?rest_route=\/wp\/v2\/users\/1"}],"replies":[{"embeddable":true,"href":"https:\/\/www.fronteravertical.cl\/index.php?rest_route=%2Fwp%2Fv2%2Fcomments&post=2"}],"version-history":[{"count":8,"href":"https:\/\/www.fronteravertical.cl\/index.php?rest_route=\/wp\/v2\/pages\/2\/revisions"}],"predecessor-version":[{"id":529,"href":"https:\/\/www.fronteravertical.cl\/index.php?rest_route=\/wp\/v2\/pages\/2\/revisions\/529"}],"wp:attachment":[{"href":"https:\/\/www.fronteravertical.cl\/index.php?rest_route=%2Fwp%2Fv2%2Fmedia&parent=2"}],"curies":[{"name":"wp","href":"https:\/\/api.w.org\/{rel}","templated":true}]}}

<h5>Misión</h5>
<p><span style="text-align: justify;">El Club de Montaña Frontera Vertical es una organización sin fines de lucro que tiene como objetivo la difusión del deporte de montaña y la transmisión de la riqueza cultural y valórica que de aquellas experiencias es posible extraer para una íntegra y sólida formación de la persona humana.</span></p>
<p>&nbsp;</p>

<p>Misión El Club de Montaña Frontera Vertical es una organización sin fines de lucro que tiene como objetivo la difusión del deporte de montaña y la transmisión de la riqueza cultural y valórica que de aquellas experiencias es posible extraer para una íntegra y sólida formación de la persona humana. &nbsp;</p>
